te number?
True
Suppose m - 6 = -2. Suppose m*x - 2*o = 310, 4*x + o + 31 - 344 = 0. Let t = x - -15. Is t prime?
False
Let l = -33 - -3. Is (3/2)/(l/(-1060)) composite?
False
Let g = 37 + 216. Is g a prime number?
False
Let f be 0/2 + (2 - -4). Let r = -24 + f. Is 6/27 - 338/r composite?
False
Let m(y) = -y**3 + 8*y**2 + 8*y - 17. Is m(4) a prime number?
True
Suppose 0 = -2*s - 2*v - 3*v + 21, 0 = -v - 1. Is s a prime number?
True
Let s(g) = g**2 + 8*g - 5. Let a be s(-9). Suppose -7*y = -4*y. Suppose -2*d - c = c - 186, -a*d + c + 352 = y. Is d a composite number?
False
Suppose 0 = o + 3, -5*o + 3 = -3*k - 10*o. Suppose -191 = -5*d - 4*q, q + 41 = -k*d + 185. Is d a composite number?
True
Let j be (-4)/(-6) + 16/(-6). Let b be -2 + 1 - 302/j. Suppose 553 = 5*i + 2*n + b, -i + 67 = -3*n. Is i prime?
True
Let p = -163 + 480. Is p composite?
False
Suppose -3*g = p + 224, 3*g - p + 6*p = -232. Is (1 - (-9)/(-6))*g prime?
True
Let p(u) be the third derivative of 9*u**4/8 - u**3/6 - u**2. Is p(2) composite?
False
Let j(d) = 3*d - 4. Let b be j(3). Suppose 2*u - 3*v - 2*v + 12 = 0, -b*v + 14 = -4*u. Is 92 - (0 - -2 - u) a prime number?
True
Let r = 59 - 91. Is (-3624)/r - 1/4 a composite number?
False
Suppose 0 = 3*m - 4*m + 1116. Suppose -5*f + s = -m, -3*f - 3*s = s - 665. Is f a prime number?
True
Suppose 13*x = 19*x + 30. Let r = 10 + 5. Is ((-99)/r)/(1/x) prime?
False
Suppose 2*d - 11 = -5. Suppose d*y - 39 = 66. Is (-10)/y - (-270)/14 composite?
False
Is ((-39)/(-65))/(1/35) a prime number?
False
Suppose 0 = m - 4*m - 30. Let a(d) = -2*d - 10. Is a(m) a prime number?
False
Suppose -b - b = -8. Let o(p) = 7*p**2 - 3*p - 1. Let m be o(b). Suppose 2*w = -w + m. Is w prime?
False
Let q(f) = -f**2 - 9*f + 8. Let a be q(-8). Suppose 4*w = -y + 353, 0 = 5*w - a + 1. Is y composite?
True
Let p be ((-3)/9)/(2/(-30)). Suppose 0 = -p*j + l + l + 140, 28 = j - 2*l. Suppose -i - j = -3*i. Is i prime?
False
Let s(z) be the third derivative of 149*z**4/12 + z**3/6 + 2*z**2. Is s(1) prime?
False
Let n(t) = 4*t**3 - 2*t**2 - 7*t + 5. Let b be (7 - 7)/((-6)/2). Let y = 4 + b. Is n(y) a composite number?
True
Let r be 60/25 - (-2)/(-5). Suppose -r*z + 123 = -5. Suppose -3*k + 7 = 2*x - 27, -4*x - 4*k + z = 0. Is x a prime number?
False
Let k be (3*-121)/(1 - 0). Let s = 596 + k. Is s composite?
False
Suppose 5*q = 3*q + 26. Is q a composite number?
False
Suppose -b + s = 20, -2*s - 3*s - 61 = 2*b. Let m be b - -3*4/6. Let t = 34 - m. Is t composite?
True
Suppose 0 = -5*a + 8*a. Suppose 2*d = -a*d + 118. Is d a composite number?
False
Let c(p) = p**2 - 9*p + 27. Is c(13) prime?
True
Suppose 285 = 3*g - f - 52, -4*g + 444 = -4*f. Is g a composite number?
False
Suppose 3*q + 1 = -2, -5*q + 1443 = 4*d. Is d prime?
False
Let s = -1 - -3. Let y be 2/(-1) - (6 + s). Is (-48)/(-5) + (-4)/y prime?
False
Suppose -3*j = b - 25, -5*j - b + 5*b + 19 = 0. Let t(s) = 34*s + 7. Let x(q) = -51*q - 10. Let k(v) = j*t(v) + 5*x(v). Is k(-2) a composite number?
True
Let g(k) = k + 7. Let l be g(-4). Suppose -3*u - l*b = -93, -13 = -2*u - 4*b + 43. Is u a composite number?
True
Let x = -563 - -894. Is x prime?
True
Let u(w) = -5*w - 1. Let p be u(-1). Suppose 5*x + c = 888, 0 = -x - p*c + 46 + 143. Is x prime?
False
Suppose 5*s - 6276 + 1071 = 0. Is s prime?
False
Let x(h) = h**3 - 5*h**2 + 3*h - 4. Suppose 0 = 2*f - 2 - 12. Is x(f) prime?
False
Let g(i) = i**3 - 3*i**2 - 5*i + 8. Let p be g(6). Suppose -2*k = -k - p. Suppose -f - f = -k. Is f prime?
True
Is ((-8)/24)/(2/(-46770)) a composite number?
True
Let w = 46 + -46. Let c(y) = -y**3 + 4*y**2 + y - 4. Let a be c(4). Suppose w = -a*l + 2*l - 586. Is l a composite number?
False
Let x be ((-892)/(-2))/(6 + -4). Let z = x + -134. Is z a composite number?
False
Let f = 6 + -1. Suppose -f*t + 120 + 295 = 0. Is t a prime number?
True
Let a = -983 - -1396. Is a a prime number?
False
Let t(y) = y**3 - 5*y**2 + 2. Let c be t(5). Suppose 2*g + c*u = 84, -2*g - u = 4*u - 87. Suppose o = g + 6. Is o prime?
True
Let z(m) = m**2 + 3*m - 8. Let h be z(-6). Is ((-6)/h)/((-2)/10) a composite number?
False
Suppose 4*p - 440 = -5*z, 4*z = -3 - 13. Is p composite?
True
Suppose -358 = -7*q + 139. Is q a composite number?
False
Let g(n) = 25*n**2 + n. Let x be g(6). Suppose -924 = -3*q + h, 0*q - 5*h = 3*q - x. Is q composite?
False
Suppose -2*x + 84 = 2*j, 0*x = -3*x - 2*j + 131. Is x composite?
False
Is (13 - 15)*3946/(-4) a prime number?
True
Let f = -434 + 701. Is f composite?
True
Let n = 12 + -13. Is n + (1 - 3) + 17 composite?
True
Suppose 5*f + 54 = 2*u, 5*f + 120 = 7*u - 2*u. Suppose 6 = -4*q + u, 3*a - 5*q + 14 = 0. Suppose 50 = a*d - 5*g + g, -3*d + 4*g = -73. Is d prime?
True
Suppose -5*w + 13 = 4*c, -5*w + c + 27 + 1 = 0. Let s(n) = -n**3 - 2*n**2 - 2*n - 2. Let r be s(-2). Suppose r*b + 5*x - 77 = -15, -89 = -w*b + 4*x. Is b prime?
False
Let h(p) = 32*p - 23. Is h(6) composite?
True
Let z be (-6)/(-4)*(-70)/(-21). Suppose 0 = 4*n - d - 1004, n + 4*d = z*n - 1004. Is n a composite number?
False
Let i = -7 - -10. Let v = i - -1. Suppose -v*c = -7*c + 111. Is c composite?
False
Let x(f) = f**2 + 9. Let n be x(0). Suppose m = -2*m + n. Is m composite?
False
Let c = -560 + 867. Is c a composite number?
False
Suppose 5*j + 616 = 4*g - 0*g, 5*g - 775 = 5*j. Suppose h - g = -2*h. Is h composite?
False
Let f(c) = c + 5. Let s be f(-5). Suppose s = -4*b + 5*n + 35 + 13, 5*b - 60 = 3*n. Suppose b = 2*p - 16. Is p a composite number?
True
Let v be (5 + -1)/(1/(-18)). Let l = 3 + -2. Is l + 0 - v/2 composite?
False
Let u(s) = 2*s**3 - 3*s**2 + 5*s - 8. Let w(i) = 2*i**3 - 3*i**2 + 6*i - 9. Let p(c) = -6*u(c) + 5*w(c). Is p(-4) composite?
False
Suppose 2*g = -3*a + 2431, -2*a + 803 = -a - 3*g. Is a a prime number?
True
Let r(v) = -5*v + 23. Let f(z) = z**2 + 7*z - 2. Let p be f(-8). Let d(i) = -14*i + 69. Let s(n) = p*d(n) - 17*r(n). Is s(0) a composite number?
False
Let j = -11 - -7. Let c be ((-2)/(-3))/(j/(-6)). Is c*-1*(-31 - 4) a composite number?
True
Is -1*3/(-6)*614 composite?
False
Let r(z) = 2*z - 6. Let b be r(5). Suppose 3*k + 2 + b = 0. Is 82 + k/((-4)/6) a prime number?
False
Let s = 2036 - -2963. Is s a composite number?
False
Let h(d) = -2*d**3 - 3*d**2 + 4*d - 5. Let v be h(-4). Suppose -3*r + 40 = -2*r. Let o = v - r. Is o composite?
False
Suppose -31*l = -27*l - 268. Is l a composite number?
False
Let x(o) = o - 2. Let z be x(4). Let d = -14 + 30. Suppose z*b - d - 34 = 0. Is b a prime number?
False
Let c(t) = 56*t**2 - 7*t - 10. Is c(-3) composite?
True
Suppose d - w = -0*d + 322, 0 = -d - w + 312. Is d prime?
True
Suppose -s + 0*s = -14. Suppose 4*i + 6 = -s. Is 201/15 + 2/i a composite number?
False
Suppose 5*v = 3*v + 26. Suppose -5*n - 3 = -13. Suppose 0 = 2*k + n*k - 3*g - 22, -k - 3*g = -v. Is k a prime number?
True
Suppose -24*s + 26262 = -6*s. Is s a prime number?
True
Suppose 0 = -3*f + 4*d + 27, 2*d + 15 = -3*d. Suppose -74 = s + f*t, 5*s + 342 = 2*t + t. Let o = s + 124. Is o composite?
True
Is ((-1422)/5)/((-6)/15) + -2 a composite number?
False
Let j(w) = 83*w - 5. Let i be j(5). Suppose -3*r = -r - i. Is r a composite number?
True
Let r = 247 + -81. Is r composite?
True
Suppose 4*d - r - 14 = 0, d + 1 = r - 3*r. Suppose 0*x = m - d*x - 13, -2*m + 5*x + 29 = 0. Is m a prime number?
False
Suppose -3*a + 3*p = -9, -14 = -2*a + 2*p - 4*p. Let o(d) = -62*d + 11. Let g(w) = -41*w + 7. Let y(z) = -8*g(z) + 5*o(z). Is y(a) a prime number?
True
Suppose 3*u - 3*g = 1239, 0*g - 4*g = 4. Let s = u + -221. Is s prime?
True
Suppose 0 = -3*l + 6, 3*i + 8*l = 3*l + 148. Let f = -4 + 8. Suppose f*d = 30 + i. Is d a composite number?
False
Let y(m) = 2*m**2 - 6*m - 13. Is y(-8) a composite number?
False
Let r(f) = f**3 + 8*f**2 + 7*f - 5. Let q be r(-7). Let o = q - -12. Is o prime?
True
Suppose -4*s + 5*t + 3693 = 0, -3*s = -2*t - 868 - 1893. Is s a composite number?
True
Let h be 2/(-7) + (-23)/(-7). Suppose 22 = 2*s + h*b, -3*s + 37 = 5*b + 5. Is s a composite number?
True
Suppose 0 = -3*g - x + 71, 3*x - 98 = -0*g - 4*g. Is g a prime number?
True
Suppose -6*k = -669 - 201. Is k composite?
True
Let a = -368 - -529. Is a a prime number?
False
Let n be 2/15 - 15631/(-105). Suppose -i + 0*i = -n. Is i a prime number?
True
Let v 